4).
-4
Let o(a) = a**2 - 13*a - 202. Calculate o(-9).
-4
Let l(o) = 3*o**2 - 4. Calculate l(-2).
8
Let t(h) = -h**3 + 2*h**2 + 102*h - 31. What is t(11)?
2
Let f(m) = -5*m + 37. Calculate f(23).
-78
Let b(t) = -t**2 - 9*t. Determine b(-9).
0
Let d(o) = 8*o + 177. Determine d(0).
177
Let i(g) = -g**3 + 7*g**2 + 8*g - 6. Determine i(8).
-6
Let i(o) = 5*o + 60. What is i(-10)?
10
Let m(c) = -c**3 + 9*c**2 + 10*c - 8. Determine m(10).
-8
Let i(b) = b**3 - 9*b**2 + 21*b - 9. Calculate i(6).
9
Let p(s) = 2*s**3 + 2*s**2 + 4*s + 2. Give p(-2).
-14
Let c(g) = g**2 - 4*g - 160. What is c(0)?
-160
Let n(p) = 2*p**3 + 48*p**2 + 5*p + 127. Give n(-24).
7
Let v(c) = -c**3 - 7*c**2 + 2*c + 8. Determine v(-7).
-6
Let i(z) = z**2 - 4. Give i(-3).
5
Let p(a) = -a**3 + 17*a + 2. What is p(-5)?
42
Let q(x) = -x**3 - 11*x - 22. Give q(-2).
8
Let i(g) = g**2 + 8*g + 5. Calculate i(-6).
-7
Let b(v) = -35*v + 522. Give b(15).
-3
Let y(f) = -f**3 + 27*f**2 - 54*f + 9. Give y(25).
-91
Let v(r) = -r**3 + 39*r**2 + 84*r - 74. What is v(41)?
8
Let s(j) = 2*j**3 + 18*j**2 - 20*j + 5. Determine s(-10).
5
Let l(k) = k + 1. Give l(8).
9
Let b(o) = -2*o**2 - 5*o - 17. Determine b(6).
-119
Let m(w) = 13*w + 2. Calculate m(2).
28
Let r(k) = 2*k + 7. What is r(8)?
23
Let t(v) = -14*v + 2. What is t(-1)?
16
Let q(x) = -x + 3. What is q(1)?
2
Let v(m) = -m**3 - 79*m**2 + 81*m + 76. Calculate v(-80).
-4
Let z(f) = -f**2 + 34*f - 100. Give z(31).
-7
Let g(c) = c**2 - 6*c + 12. Determine g(0).
12
Let i(t) = -t**2 - 17*t + 1. What is i(-16)?
17
Let n(t) = 9*t - 4. What is n(2)?
14
Let r(b) = b**2 + 18*b + 89. Give r(-10).
9
Let z(o) = o**2 + 16*o + 37. Determine z(-13).
-2
Let m(t) = -t**3 - 2*t**2 + 2*t + 5. What is m(0)?
5
Let j(u) = -5*u + 72. What is j(13)?
7
Let n(x) = x**2 - 7*x + 6. What is n(7)?
6
Let u(y) = 17*y - 13. Give u(-2).
-47
Let c(a) = a**2 - 5. Give c(-2).
-1
Let i(t) = t**3 - 9*t**2 + t - 4. Give i(6).
-106
Let n(x) = -x**3 + 8*x**2 - 7*x - 3. Calculate n(7).
-3
Let x(c) = 2*c**2 - 9*c + 9. What is x(5)?
14
Let y(h) = -3*h**2 + h + 2. Calculate y(-1).
-2
Let d(j) = -j**2 - 38*j - 203. Determine d(-6).
-11
Let s(d) = 7*d + 140. Calculate s(-19).
7
Let u(b) = -b**3 - 12*b**2 - 2*b - 17. What is u(-12)?
7
Let q(f) = -f**3 + 4*f**2 - 3*f + 5. Give q(4).
-7
Let z(v) = -v**2 + 8*v + 56. What is z(-5)?
-9
Let y(g) = 10*g - 61. Give y(8).
19
Let t(p) = -48*p + 32. Calculate t(1).
-16
Let z(v) = -4*v + 1. Give z(-3).
13
Let x(h) = h**2 + 11*h - 1. Determine x(-10).
-11
Let j(x) = x**2 - 30*x + 112. Determine j(25).
-13
Let i(u) = 3*u**2 + u - 2. Give i(2).
12
Let v(a) = -3*a**2 - 18*a - 14. Calculate v(-7).
-35
Let i(c) = -c**3 - 2*c**2 - 5*c - 7. Give i(-3).
17
Let o(y) = 8*y + 35. Determine o(-6).
-13
Let g(r) = 9*r - 2. What is g(2)?
16
Let h(s) = 2*s**2 + 24*s + 21. Calculate h(-9).
-33
Let v(a) = -a**3 - 6*a**2 + 9*a + 5. What is v(-7)?
-9
Let x(p) = p**3 + p**2 - p + 3. What is x(-2)?
1
Let a(j) = -2*j**2 - 3*j - 4. What is a(3)?
-31
Let b(m) = 30*m + 57. What is b(-4)?
-63
Let u(m) = m. Calculate u(-8).
-8
Let m(l) = -l**3 + 18*l**2 - 16*l - 6. What is m(17)?
11
Let w(d) = -d**3 + 2*d**2 + 7*d - 10. Calculate w(6).
-112
Let u(c) = 3*c + 11. What is u(4)?
23
Let k(h) = -25*h - 191. Determine k(-7).
-16
Let r(h) = -8*h + 3. Give r(4).
-29
Let j(i) = -57*i - 2. What is j(-1)?
55
Let v(j) = j**2 - 8*j + 7. Give v(6).
-5
Let t(y) = y**3 - 6*y**2 - 16*y + 3. Calculate t(8).
3
Let c(u) = u - 12. Determine c(6).
-6
Let u(c) = -15*c**2 - c + 6. Calculate u(2).
-56
Let v(b) = -b**2 + 3*b + 34. Give v(-4).
6
Let m(t) = t**2 + 9*t + 16. Calculate m(-7).
2
Let l(n) = -2*n**3 + 5*n**2 + 5*n + 2. Determine l(4).
-26
Let q(l) = l**2 + 12*l + 27. Calculate q(-5).
-8
Let z(f) = -f + 30. What is z(48)?
-18
Let l(c) = c**2 - 3*c - 3. Calculate l(4).
1
Let d(w) = w**3 - 6*w**2 - 10*w - 9. What is d(8)?
39
Let c(j) = j**3 + j**2 + j - 16. Determine c(0).
-16
Let h(x) = 5*x**2 - 2*x + 3. What is h(2)?
19
Let k(y) = y**2 + 9*y + 5. Determine k(-9).
5
Let h(j) = -2*j**3 + 60*j + 118. Determine h(-2).
14
Let d(b) = -6*b - 1. Calculate d(-5).
29
Let z(o) = o**3 - 8*o**2 + 11*o + 6. Calculate z(6).
0
Let j(z) = -6*z + 9. Calculate j(4).
-15
Let m(r) = -28*r + 170. Calculate m(6).
2
Let u(i) = -i**3 - 8*i**2 + 10*i + 6. Determine u(-9).
-3
Let d(o) = 7*o**2 - 12. Determine d(2).
16
Let q(s) = -3*s + 30. Give q(7).
9
Let x(u) = -5*u**2 + 6*u - 4. Calculate x(4).
-60
Let w(f) = 4*f - 98. Give w(15).
-38
Let k(u) = -6*u + 41. Calculate k(7).
-1
Let j(r) = -2*r**3 - 11*r**2 + 8*r + 4. Give j(-6).
-8
Let s(t) = 2*t + 17. What is s(-8)?
1
Let x(k) = -2*k**3 + 2*k**2 + k + 4. What is x(3)?
-29
Let s(i) = i**2 - 5*i + 12. Give s(4).
8
Let s(i) = -3*i**2 - i + 7. Calculate s(2).
-7
Let v(i) = i**3 - 4*i**2 + 4*i - 7. Calculate v(3).
-4
Let r(q) = -q**3 - 4*q**2 + 14*q + 44. What is r(-5)?
-1
Let w(m) = 10*m + 53. Give w(-6).
-7
Let x(j) = 4*j - 73. Calculate x(14).
-17
Let p(u) = 2*u**3 - 6*u**2 + 5*u + 1. Determine p(3).
16
Let g(h) = 10*h + 483. Calculate g(-48).
3
Let f(v) = 6*v + 8. Give f(-2).
-4
Let y(f) = -f**2 - 16*f - 76. What is y(-11)?
-21
Let r(d) = -2*d**2 - 8*d - 8. Determine r(-1).
-2
Let b(h) = 3*h**2 + 23*h - 10. Give b(-8).
-2
Let k(t) = t**3 + 17*t**2 + 17*t + 13. Determine k(-16).
-3
Let w(r) = -3*r + 14. Calculate w(6).
-4
Let n(p) = p**2 + 11*p + 1. Give n(-10).
-9
Let o(b) = b**3 + 11*b**2 + b + 4. Calculate o(-11).
-7
Let x(z) = 9*z**3 + z**2. Calculate x(-1).
-8
Let k(j) = 90*j**2 - 2*j + 2. Calculate k(1).
90
Let j(a) = -a - 6. Calculate j(13).
-19
Let d(q) = 12*q - 10. Determine d(-4).
-58
Let j(p) = -3*p + 30. Determine j(0).
30
Let b(v) = -v**2 + 26*v + 18. Calculate b(13).
187
Let j(i) = 7*i - 54. Determine j(8).
2
Let o(s) = -3*s + 11. Determine o(3).
2
Let i(l) = -5*l**2 + 3*l + 16. Calculate i(-5).
-124
Let z(s) = -s**3 + 13*s**2 - 11*s - 15. Give z(12).
-3
Let s(t) = -t**2 + 4*t + 23. Calculate s(9).
-22
Let j(b) = -b - 5. Give j(9).
-14
Let m(p) = -11*p**3 - 2*p**2 - p. What is m(-1)?
10
Let j(u) = 42*u**3 + u**2 + u - 1. Determine j(1).
43
Let z(f) = 3*f + 12. Determine z(-10).
-18
Let c(k) = k - 11. Determine c(6).
-5
Let l(q) = -2*q**3 + 2*q**2 - 2*q + 3. Give l(2).
-9
Let q(l) = -l**3 - 15*l**2 + 16*l - 2. Determine q(-16).
-2
Let o(c) = 31*c - 92. Give o(3).
1
Let j(b) = 10*b**2 + 5*b + 4. Determine j(-1).
9
Let a(q) = -4*q**3 - 19*q**2 - 3*q - 3. Determine a(-5).
37
Let x(y) = -2*y - 1. What is x(1)?
-3
Let y(p) = 2*p**2 + 38*p + 28. Calculate y(-18).
-8
Let r(l) = -2*l**2 + l - 18. What is r(3)?
-33
Let w(i) = 10*i. Calculate w(1).
10
Let z(d) = 4*d**2 - 72*d + 322. Give z(8).
2
Let l(c) = c**3 - 8*c**2 - 8*c + 12. Calculate l(9).
21
Let r(s) = -s**3 - 5*s**2 - 3*s + 13. What is r(-5)?
28
Let l(r) = r + 9. Determine l(-2).
7
Let d(w) = 20*w + 126. What is d(-8)?
-34
Let p(x) = -12*x + 133. Determine p(13).
-23
Let n(g) = 2*g**2 + 5*g. Determine n(-2).
-2
Let l(j) = -12*j**3 + j**2 - 2*j - 1. What is l(1)?
-14
Let s(p) = -p**2 + 17*p - 22. What is s(15)?
8
Let b(l) = -2*l + 8. Give b(7).
-6
Let w(b) = -6*b + 48. Give w(7).
6
Let j(t) = t**2 - 23*t - 13. What is j(18)?
-103
Let o(g) = g**2 - 23. Give o(-5).
2
Let c(w) = -w**2 + 2*w - 2. Determine c(2).
-2
Let r(c) = c**2 + 32*c + 206. Calculate r(-10).
-14
Let y(m) = m + 23. What is y(-17)?
6
Let m(p) = -p**2 - 72*p + 468. Calculate m(6).
0
Let i(y) = 2*y**2 - 12*y. What is i(9)?
54
Let z(v) = -30*v**2. Calculate z(-1).
-30
Let s(o) = o + 23. Give s(-6).
17
Let q(t) = t**3 - 10*t**2 + 21*t - 34. Give q(8).
6
Let t(v) = -3*v**3 - 12*v - 10. What is t(-1)?
5
Let o(v) = -4*v**2 + 40*v - 90. Give o(6).
6
Let d(i) = -71*i - 93. Calculate d(-2).
49
Let r(l) = 15*l + 174. What is r(-13)?
-21
Let s(d) = -2*d**2 + 71*d - 165. Give s(33).
0
Let d(y) = -6*y**2 + y + 10. Give d(2).
-12
Let w(z) = z**3 + 13*z**2 - 3*z - 30. What is w(-13)?
9
Let q(o) = 3*o + 34. Determine q(22).
100
Let m(r) = 8*r + 28. Calculate m(-10).
-52
Let a(c) = 3*c - 4. Calculate a(-4).
-16
Let m(f) = 3*f**2 - 7*f + 22. Give m(5).
62
Let g(c) = -c**2 + 12*c - 19. Calculate g(8).
13
Let n(i) = 3*i**3 + 2*i**2 - 3*i + 5. What is n(3)?
95
Let k(h) = 62*h + 178. Give k(-3).
-8
Let u(m) = m**3 - 24*m**2 - 23*m - 51. Give u(25).
-1
Let b(t) = -9*t**2. Wh